{"id":1774,"date":"2020-09-03T21:21:03","date_gmt":"2020-09-04T00:21:03","guid":{"rendered":"http:\/\/www.labgeo.ufscar.br\/site\/?page_id=1774"},"modified":"2025-10-31T09:31:37","modified_gmt":"2025-10-31T12:31:37","slug":"ensaios-em-solos","status":"publish","type":"page","link":"https:\/\/www.labgeo.ufscar.br\/site\/ensaios-em-solos\/","title":{"rendered":"Ensaios em Solos"},"content":{"rendered":"<p>[et_pb_section fb_built=&#8221;1&#8243; _builder_version=&#8221;3.0.92&#8243;][et_pb_row make_fullwidth=&#8221;on&#8221; _builder_version=&#8221;3.0.92&#8243; background_size=&#8221;initial&#8221; background_position=&#8221;top_left&#8221; background_repeat=&#8221;repeat&#8221;][et_pb_column type=&#8221;4_4&#8243; _builder_version=&#8221;3.0.47&#8243; parallax=&#8221;off&#8221; parallax_method=&#8221;on&#8221;][et_pb_text _builder_version=&#8221;3.0.92&#8243;]<\/p>\n<h1 class=\"entry-title\">ENSAIOS EM SOLOS<\/h1>\n<p>O Laborat\u00f3rio de Geotecnia da UFSCar tem uma ampla gama de servi\u00e7os, cobrindo as demandas de todas os ensaios de laborat\u00f3rio necess\u00e1rios nas etapas de projetos de Geotecnia.<br \/>\n[\/et_pb_text][\/et_pb_column][\/et_pb_row][et_pb_row make_fullwidth=&#8221;on&#8221; custom_padding=&#8221;0px|0px|33.0156px|0px&#8221; _builder_version=&#8221;3.0.92&#8243; background_size=&#8221;initial&#8221; background_position=&#8221;top_left&#8221; background_repeat=&#8221;repeat&#8221;][et_pb_column type=&#8221;1_3&#8243; _builder_version=&#8221;3.0.47&#8243; parallax=&#8221;off&#8221; parallax_method=&#8221;on&#8221;][et_pb_image src=&#8221;http:\/\/www.labgeo.ufscar.br\/site\/wp-content\/uploads\/2020\/09\/fotosolo-1.png&#8221; show_in_lightbox=&#8221;on&#8221; disabled_on=&#8221;off|off|on&#8221; _builder_version=&#8221;3.0.92&#8243;][\/et_pb_image][et_pb_text _builder_version=&#8221;3.0.92&#8243; text_font=&#8221;||||||||&#8221; text_line_height=&#8221;6px&#8221; header_font=&#8221;||||||||&#8221;]<strong style=\"line-height: 5px;\">Nosso Portf\u00f3lio de Ensaios em Solos inclui:<\/strong><\/p>\n<ul>\n<li>Massa espec\u00edfica dos solos<\/li>\n<li>Massa espec\u00edfica natural<\/li>\n<li>Teor de umidade dos solos<\/li>\n<li>An\u00e1lise Granulom\u00e9trica<\/li>\n<li>Limites de Atterberg<\/li>\n<li>Compacta\u00e7\u00e3o (Normal, Intermedi\u00e1ria e Modificada)<\/li>\n<li>Permeabilidade (Carga constante e vari\u00e1vel)<\/li>\n<li>Adensamento dos solos<\/li>\n<li>CBR<\/li>\n<li>Cisalhamento direto<\/li>\n<li>Compress\u00e3o simples<\/li>\n<li>Compress\u00e3o Triaxial (CD, CU, UU)<\/li>\n<li>Curva de reten\u00e7\u00e3o de \u00e1gua dos solos<\/li>\n<li>Dosagem solo estabilizante<\/li>\n<li>Resist\u00eancia \u00e0 tra\u00e7\u00e3o por compress\u00e3o diametral<\/li>\n<li>pH<\/li>\n<\/ul>\n<p>[\/et_pb_text][et_pb_button button_url=&#8221;https:\/\/www.canva.com\/design\/DAG3TfWbO_Q\/mZYj28obRRWt7FDnea3UVg\/view?utm_content=DAG3TfWbO_Q&#038;utm_campaign=designshare&#038;utm_medium=link2&#038;utm_source=uniquelinks&#038;utlId=hf28670aaee&#8221; url_new_window=&#8221;on&#8221; button_text=&#8221;Download do Portf\u00f3lio de servi\u00e7os&#8221; admin_label=&#8221;Bot\u00e3o de Download&#8221; _builder_version=&#8221;3.0.92&#8243; custom_button=&#8221;on&#8221; button_text_color=&#8221;#ffffff&#8221; button_bg_color=&#8221;#ed7e33&#8243; button_border_width=&#8221;0px&#8221;][\/et_pb_button][\/et_pb_column][et_pb_column type=&#8221;2_3&#8243; _builder_version=&#8221;3.0.47&#8243; parallax=&#8221;off&#8221; parallax_method=&#8221;on&#8221;][et_pb_image src=&#8221;http:\/\/www.labgeo.ufscar.br\/site\/wp-content\/uploads\/2020\/09\/fotosolo-1.png&#8221; show_in_lightbox=&#8221;on&#8221; disabled_on=&#8221;on|on|off&#8221; _builder_version=&#8221;3.0.92&#8243;][\/et_pb_image][\/et_pb_column][\/et_pb_row][\/et_pb_section]<\/p>\n","protected":false},"excerpt":{"rendered":"<p>[et_pb_section fb_built=&#8221;1&#8243; _builder_version=&#8221;3.0.92&#8243;][et_pb_row make_fullwidth=&#8221;on&#8221; _builder_version=&#8221;3.0.92&#8243; background_size=&#8221;initial&#8221; background_position=&#8221;top_left&#8221; background_repeat=&#8221;repeat&#8221;][et_pb_column type=&#8221;4_4&#8243; _builder_version=&#8221;3.0.47&#8243; parallax=&#8221;off&#8221; parallax_method=&#8221;on&#8221;][et_pb_text _builder_version=&#8221;3.0.92&#8243;] ENSAIOS EM SOLOS O Laborat\u00f3rio de Geotecnia da UFSCar tem uma ampla gama de servi\u00e7os, cobrindo as demandas de todas os ensaios de laborat\u00f3rio necess\u00e1rios nas etapas de projetos de Geotecnia. [\/et_pb_text][\/et_pb_column][\/et_pb_row][et_pb_row make_fullwidth=&#8221;on&#8221; custom_padding=&#8221;0px|0px|33.0156px|0px&#8221; _builder_version=&#8221;3.0.92&#8243; background_size=&#8221;initial&#8221; background_position=&#8221;top_left&#8221; background_repeat=&#8221;repeat&#8221;][et_pb_column type=&#8221;1_3&#8243; _builder_version=&#8221;3.0.47&#8243; parallax=&#8221;off&#8221; parallax_method=&#8221;on&#8221;][et_pb_image [&hellip;]<\/p>\n","protected":false},"author":1,"featured_media":0,"parent":0,"menu_order":0,"comment_status":"closed","ping_status":"closed","template":"page-template-fullwidth.php","meta":{"footnotes":""},"class_list":["post-1774","page","type-page","status-publish","hentry"],"_links":{"self":[{"href":"https:\/\/www.labgeo.ufscar.br\/site\/wp-json\/wp\/v2\/pages\/1774","targetHints":{"allow":["GET"]}}],"collection":[{"href":"https:\/\/www.labgeo.ufscar.br\/site\/wp-json\/wp\/v2\/pages"}],"about":[{"href":"https:\/\/www.labgeo.ufscar.br\/site\/wp-json\/wp\/v2\/types\/page"}],"author":[{"embeddable":true,"href":"https:\/\/www.labgeo.ufscar.br\/site\/wp-json\/wp\/v2\/users\/1"}],"replies":[{"embeddable":true,"href":"https:\/\/www.labgeo.ufscar.br\/site\/wp-json\/wp\/v2\/comments?post=1774"}],"version-history":[{"count":14,"href":"https:\/\/www.labgeo.ufscar.br\/site\/wp-json\/wp\/v2\/pages\/1774\/revisions"}],"predecessor-version":[{"id":2112,"href":"https:\/\/www.labgeo.ufscar.br\/site\/wp-json\/wp\/v2\/pages\/1774\/revisions\/2112"}],"wp:attachment":[{"href":"https:\/\/www.labgeo.ufscar.br\/site\/wp-json\/wp\/v2\/media?parent=1774"}],"curies":[{"name":"wp","href":"https:\/\/api.w.org\/{rel}","templated":true}]}}